k + 5*k = q. Let t(v) = v**2 + 2*v - 4. What is t(s)?
4
Suppose -9*z + 11*z = 6. Let s(c) = -4*c + 3. Determine s(z).
-9
Let i(x) = x**2 + 8*x + 3. Let m be i(-8). Let v(z) = -4*z**m + 1 + 3*z**3 - z**2 - 4 - 3. Let f be -1*(2 + -2)/2. What is v(f)?
-6
Let z be -3 - (-1 - (6 - 4)). Let k(c) = c - 2. Calculate k(z).
-2
Let u(t) = -12*t**2 - 2*t + 14. Let y = 9 - 17. Let n(d) = 4*d**2 + d - 5. Let f(v) = y*n(v) - 3*u(v). Calculate f(2).
10
Suppose -8*v + 4*v = 0. Let g(i) = v + 1 + 6 - i**2 + 0 - 5*i. Determine g(-5).
7
Suppose 2*f = 3*o - 2 + 4, -4*o + 37 = 3*f. Let s(x) = 0 - x - 2 + f. Suppose 0 = -0*d - 3*d + 4*m - 31, -6 = 2*d + m. What is s(d)?
10
Let z(j) = 6*j**2 + j - j**3 - 2*j**2 - 1 - 5*j**2. Let f = 13 + -8. Suppose -f*v + 3*v = 0. Give z(v).
-1
Let c(b) = -3*b + 3. Suppose 4*w - 2*d + 4*d + 2 = 0, 3*w = 3*d + 3. Let j = w + 2. Give c(j).
-3
Let y(k) be the first derivative of -k**2/2 - 2*k + 4. What is y(-8)?
6
Let n(z) be the first derivative of -z**2/2 - 6*z - 7. Determine n(-5).
-1
Let p be (-30)/(-7) + 26/(-91). Let t(y) be the first derivative of y**4/4 - y**3 - y**2 + 3*y - 1. Calculate t(p).
11
Let o(v) = 5*v**2 + v. Let m be 26/(-22) - 10/(-55). Calculate o(m).
4
Let w(z) = z**3 - 6*z**2 - z + 8. Let q be w(6). Let h(i) = -2*i**3 + 3*i**2 + i - 2. Give h(q).
-4
Let x be (-4 - 88/(-20))*-15. Let f(v) = 2*v - 3*v - 17 + 5. Calculate f(x).
-6
Suppose 7 + 1 = 2*g. Let h be g/3 - (-2)/(-6). Let z(j) be the first derivative of 3*j**2 - 198. Give z(h).
6
Let q(u) be the first derivative of -u**4/12 - u**3/3 + 2*u**2 + 4*u - 7. Let b(k) be the first derivative of q(k). Calculate b(-3).
1
Let c(r) = r**2 - r + 2. Let i(h) = h**2 + 4*h - 10. Let u be i(-7). Let y = u + -6. Suppose 4*l = 2*f + 8, l - 1 - 1 = -y*f. Calculate c(f).
2
Let m(y) = 0*y**2 + 5*y - 4*y**2 + 3*y**2. Let k be m(4). Let b(h) = -k*h - 1 + 2*h + 3*h. What is b(2)?
1
Let o(u) = -u. Let y(m) = 10*m + 2. Let b(a) = -2*o(a) - y(a). Determine b(-2).
14
Let c(j) be the first derivative of j**4/4 + j**2/2 + j - 3. Let k(i) = 7*i**3 - 4*i**2 + 2*i + 11. Let a(x) = -6*c(x) + k(x). Calculate a(4).
-11
Let s(l) = 131 + 6*l - 66 - l**2 - 71. What is s(6)?
-6
Let z(d) = -d**3 - 5*d**2 - 3*d + 3. Let m(g) = g**2 - 9*g - 13. Let o be m(10). Calculate z(o).
-6
Let f(x) = -2*x - 6*x + 5*x + x + 3. What is f(3)?
-3
Suppose 2*u - 2*j + 0*j + 12 = 0, 0 = 3*j - 15. Let w = u - -3. Let x(q) = -3*q + q + w*q - q. Calculate x(3).
-3
Let j = -42 + 48. Let p(c) = c**2 - 9*c + 9. Determine p(j).
-9
Let n = 77 - 44. Suppose 0 = -2*d - 3*d + 3*y - 25, -5*y + n = -4*d. Let p(m) = -m - 1. Let j(g) = 6*g + 7. Let z(l) = -j(l) - 5*p(l). Determine z(d).
0
Let h = -6 - -12. Let y be h/(-4)*8/(-12). Let w(x) = -10*x**2 - x + 1. Give w(y).
-10
Let s(k) = -6 - 2 + k + 3 - 2. Let t = 11 - 6. Give s(t).
-2
Let d(a) be the second derivative of -a**4/12 - 7*a**3/6 + 7*a**2/2 + 5*a. Determine d(-8).
-1
Suppose -6*u + 41 = 11. Let p(n) = -n**2 + 7*n - 4. Calculate p(u).
6
Let p be ((-186)/22)/(-3) + 20/110. Let f(i) = -i**3 + 3*i**2 + 3. What is f(p)?
3
Suppose 3*t - 1 + 7 = 0. Let d(h) be the second derivative of -h**4/12 + h**3/3 + h**2/2 + h. Determine d(t).
-7
Let u(o) be the third derivative of 0 - 1/30*o**5 + 0*o + 1/12*o**4 - 1/6*o**3 + 11/120*o**6 - 7*o**2. Give u(1).
10
Let o(w) be the third derivative of -w**5/60 - w**4/24 - w**3/6 + w**2. Let p(r) = -2*r**2 - 2*r - 2. Let h(n) = 7*o(n) - 3*p(n). What is h(-2)?
-3
Suppose 6*q - q = 20. Let z(k) = -k - 2. Let l(m) = -m. Let s(v) = -2*l(v) + z(v). Calculate s(q).
2
Let m be (-26)/6 + 2/6. Let d be (-4)/(-4)*-1 + 1. Let j(t) = -4*t + d*t + 1 + 5*t. What is j(m)?
-3
Suppose 16 = 5*c + 3*r, -3*c - 5*r + 4 = -12. Suppose -6*j + 12 = -c*j. Let t(q) be the second derivative of -q**3/6 + 5*q**2/2 + 2*q. Determine t(j).
2
Let o be (-2)/2*3/1. Let k(s) = 5*s**2 - 3*s - 2. Let g(h) = -14*h**2 + 9*h + 6. Let d = -18 - -35. Let p(m) = d*k(m) + 6*g(m). Determine p(o).
2
Let z = 269 + -14. Let k be (-2)/(-15) - (-1241)/z. Let c(o) = -o + 2. Calculate c(k).
-3
Suppose -5*x - 5*r + 55 = -0*x, -4*r = -20. Let k(z) = -5*z**2 - 9*z - 4. Let y(q) = 2*q**2 + q - 1. Let w(l) = k(l) + 3*y(l). Calculate w(x).
-7
Let m be (-9 - -9)*(-2)/6. Let t(v) be the third derivative of 0 + m*v + v**2 - 7/6*v**3 + 1/24*v**4. Determine t(3).
-4
Let r(h) = h**2 + 4*h + 1. Let c(f) = -f + 10. Let d be c(8). Suppose -5*i - 2*x = -i + 22, 5*i - d*x + 23 = 0. Determine r(i).
6
Let a = -8 + 5. Let t(g) be the second derivative of -g**5/20 - 5*g**4/12 + g**2 - g. Let d(k) = k**3 + 5*k**2 - k - 3. Let r(z) = 4*d(z) + 5*t(z). Give r(a).
-8
Suppose -1 - 3 = -4*q + 4*k, 5 = 5*q - 4*k. Suppose -2*r = -y + 4, y = 3*r + q + 4. Let g(o) = o**2 - 6*o**3 - o + 4*o**3 + 2*o**y. Give g(2).
-6
Suppose 4*f - 11 = 17. Suppose -3*c + q - f = 0, 0*c - c + q = 3. Let t(d) be the second derivative of -d**4/12 - d**3/6 + d**2 + 9*d. Give t(c).
0
Let m(k) = -k**3 - 5*k**2 + k + 7. Let l be (-18)/(-4) + (-3)/(-6). Suppose 4*d + 34 = -0*n - 2*n, -l*n - 3*d - 57 = 0. Let u = 4 + n. Give m(u).
2
Let v(g) = -3*g + 5. Let p = 36 + -30. What is v(p)?
-13
Let y(i) = -i + 2. Suppose 2*a = 2*z - 4, -z + a + 8 = z. Calculate y(z).
-4
Let u(z) be the first derivative of -1/3*z**3 + 2*z**2 + 3 + 4*z. Give u(3).
7
Let h = 8 + -13. Let n = h + 7. Let b(p) = 0*p + n*p + 1 + p**2 + 2*p. What is b(-2)?
-3
Let k = 1 + -2. Let p(n) = 2*n**2 + 4 - n - 3*n**3 - 3 + 3*n. Give p(k).
4
Let i be (3/2)/((-2)/4). Let u = i - -4. Let z(q) = -3*q + 4*q - q + 1 + 5*q. What is z(u)?
6
Suppose n = 7*n + 12. Let s(o) = -o**2 - 2*o - 2. Give s(n).
-2
Let p(v) be the first derivative of -v**3/3 - 11*v**2/2 - 12*v - 30. Calculate p(-9).
6
Let o(y) = y**2 - 4*y - 6. Let w(f) = -3*f**2 + 7*f + 12. Let t(m) = -5*o(m) - 2*w(m). Determine t(-5).
1
Let d(m) = 3*m - 1. Let w(v) be the second derivative of -v**5/10 + v**3/6 + v**2/2 - 2*v. Let u be w(-1). Let n be (-1)/(-2)*1*u. Determine d(n).
2
Let w(c) = -5*c - c**2 + 9 + 16*c - 21. Let g be w(10). Let v(j) = -j - 2. Determine v(g).
0
Let z be (-18)/8 - ((-5)/(-4))/(-5). Let k(i) = i. Determine k(z).
-2
Let v = 160 - 164. Let o(x) = 3*x + 13. Let j(t) = -3*t - 12. Let c be (18/(-15))/(2/10). Let s(m) = c*o(m) - 7*j(m). Give s(v).
-6
Suppose -8 = -2*f - 0*f. Let a be (-51)/(-21) + 9/(-21). Let t(q) = -4*q**2 - q - 4 + 4*q**2 - q**3 + 4*q**a. Determine t(f).
-8
Suppose 3*s = 5*s + 2*t - 2, -4*s + 4*t - 12 = 0. Let i(u) = -3*u**2 + u + 1. What is i(s)?
-3
Suppose -5*l = -4*m - 33, -4*m + l = -0*l + 29. Let z = 13 + m. Suppose 4*t + z = t. Let u(r) = -3*r**2 - r + 2. Determine u(t).
-8
Let g(m) = m - m + 3 + 2*m. Determine g(-2).
-1
Let v(t) = -5*t**2 + 3*t + 6*t - 1 + t**3 - 6*t. What is v(2)?
-7
Let k = 5 + -6. Let x = k - -4. Let b(r) = 3*r**2 - x - r + r**3 + 0 + 0*r. Give b(-3).
0
Let h(b) be the second derivative of b**5/20 + 5*b**4/12 - b**3/3 + 5*b**2/2 - 3*b - 9. Determine h(-5).
15
Let k = 3 - 1. Let t(g) be the first derivative of -g**5/20 + g**4/12 - g**3/6 - 2*g - 1. Let n(v) be the first derivative of t(v). Determine n(k).
-6
Let o(b) be the second derivative of 11*b**3/6 - 4*b. What is o(1)?
11
Let x(l) be the third derivative of l**8/2240 - l**7/2520 - l**4/24 + l**2. Let z(k) be the second derivative of x(k). Calculate z(1).
2
Suppose 4*t - 7 = 9. Suppose t*y - 16 - 4 = 0. Let q(o) be the first derivative of -o**4/4 + 2*o**3 - 3*o**2 + 2. Calculate q(y).
-5
Let a(c) = 5*c + 2. Let b(v) = 6*v + 3. Let x(p) = -p - 1. Let i be x(-5). Let r(d) = i*b(d) - 5*a(d). Let s = 6 - 1. Calculate r(s).
-3
Let a(b) = 8*b**2 - 14*b**2 - b**2 + b**2 + b. Determine a(1).
-5
Let m(u) = -u**2 - 5*u - 1. Let w = -70 - -63. Calculate m(w).
-15
Let k = 12 + -8. Let m(r) = -r**3 + 6*r**2 - 6*r + 4. What is m(k)?
12
Suppose -s = -3 + 1. Let y(o) = -59*o + 32*o + 32*o - 3 + 4. Determine y(s).
11
Let o(r) = -r**3 + 4*r**2 + 2*r - 2. Let x be o(4). Suppose -4*l + 0*l = -3*k - 8, 2*l = 4*k - x. Let h(p) = 5 + l*p - 4 - 4*p. Give h(-1).
0
Let k(r) = -1 + 11*r - 4*r**2 + r**3 + 0*r**2 - 12*r. What is k(4)?
-5
Suppose -4*c + 0*g = 4*g + 8, 2*c - 3*g - 6 = 0. Let h(x) = -x - 9. Let z(b) = -5*b - 45. Let n(f) = 11*h(f) - 2*z(f). Give n(c).
-9
Let z(t) = -t**2 + 6*t - 4. Let d be z(4). Let v(p) = -2*p - 3 + 1 + 1 + d*p**2